. Let y(g) = g**3 + 4*g**2 + 2*g + 0*g**2 - 3 + 0*g**3. Let o be y(-3). Let n = 0 - o. Determine c(n).
0
Let j be (-9)/12 + (-7)/(-4). Let h(w) be the first derivative of 4*w**3/3 + w**2/2 - 2. Calculate h(j).
5
Let j(q) = -q**3 - 1. Let h be j(-1). Let n(t) = h + 12 + t + 0 - 6. Determine n(-6).
0
Let l(i) = i**3 - 3*i**2 + 2*i + 1. Let j be l(2). Let w(t) = -3*t**2 - t. What is w(j)?
-4
Let f(y) = -y**3 + 10*y**2 + 5*y - 9. Let d(r) = -2*r**3 + 19*r**2 + 9*r - 18. Let h(m) = -3*d(m) + 5*f(m). Give h(7).
-5
Let d(h) = h**2 - h - 1. Let y = 18 - 17. Determine d(y).
-1
Let i(j) = -j**2 + 8*j - 4. Suppose -3*w + 3 = -2*w. Let d be (2 + w)*12/10. What is i(d)?
8
Let o(p) = p**2 - 4*p - 2. Let m(j) = -j**2 - 7*j - 15. Let d be m(-4). What is o(d)?
19
Let m(f) be the third derivative of f**4/6 - 5*f**3/6 - 24*f**2. Calculate m(4).
11
Let s(u) = u**3 - 6*u**2 - 2. Let g be s(6). Let n be (-2)/(g/(-6) - 1). Suppose 5*q = -4*l - 45, -10 = -2*q + q + n*l. Let w(v) = v + 10. What is w(q)?
5
Suppose 0*a + 2*p = -2*a, a + 5*p = -4. Let z(n) = -10*n**2 + n - 1. Calculate z(a).
-10
Let z(b) = -5*b**2 + 2*b - 2. Let r(x) = -2*x**2 + x - 1. Let l(q) = -8*r(q) + 3*z(q). Let c = -11 - -14. Calculate l(c).
5
Let i = -18 - -15. Let h(q) = 2*q**2 + 3*q + 3. Give h(i).
12
Suppose 0 = -2*b - 3*c + 6, -3*b = -0*b - c + 2. Let q(j) = 5 - j + b + 1. Calculate q(0).
6
Let k(a) = -4*a - 2. Let v(i) = -2*i + 6*i - 3*i. Let s(n) = k(n) + 5*v(n). Let d be (-6)/2*(-4)/(-6). Calculate s(d).
-4
Suppose 5*a - 5 = 5. Let i(s) = -4*s + s + a*s + 5. Let f be i(5). Let g(k) = -k + 2. Calculate g(f).
2
Suppose -3*o + 21 = 5*r - r, 4*o - 24 = -4*r. Let m = 13 + -10. Let x(q) = -q**2 + 2*q**3 - r*q - q**3 + m*q**2. What is x(2)?
10
Let k(n) be the third derivative of n**4/8 + n**3/6 - n**2. Let g(f) = 2*f + 1. Let q(p) = -4*g(p) + 3*k(p). What is q(5)?
4
Let w(s) = -s**3 - 4*s**2 - s - 2. Suppose -4*f - 3 = 9. Determine w(f).
-8
Suppose -3*n - n - 4 = 0. Suppose -t + 2*t - 49 = 0. Let q(w) = -t + 50 + 0*w + w. What is q(n)?
0
Let t(q) = 2*q + 1. Let p be t(7). Let c be 14/6 + (-5)/p. Let a be 1/(-2) + 7/c. Let y(r) = r**3 - 4*r**2 + 2*r + 2. What is y(a)?
-1
Let t(z) be the first derivative of -z**6/120 + z**5/10 - z**4/6 - z**3/2 - z**2 - 1. Let c(b) be the second derivative of t(b). Determine c(5).
2
Let z(c) = -c**3 - 6*c**2 - 4*c + 5. Let k(q) = -5*q**2. Suppose -2*g = -3 + 1. Let t be k(g). Give z(t).
0
Let g = 9 + -6. Let m(c) = -5*c**3 + 2*c**2 + 5*c - 1. Let o(b) = -4*b**3 + 2*b**2 + 4*b. Let j(r) = 3*m(r) - 4*o(r). Calculate j(g).
3
Let n(i) be the second derivative of i**3/6 - 7*i. Let b(z) = -2*z**3 + z + 0*z**2 - z**2 - 3*z**3. Let f be b(1). What is n(f)?
-5
Suppose 0 = -4*g + 5*m + 127, 2*m = -3*g - 3*m + 69. Suppose c = -2*f + 14, 2*c - 11 + g = 5*f. Let h(u) = u**2 - 2*u - 2. What is h(c)?
6
Let c = -4 + -5. Let x be c/(-2) - 2/4. Let m(o) = 3 - x*o - 2 + 7*o + 5*o. What is m(1)?
9
Let m(n) = -6*n**3 + 3*n**2 + n + 5. Let s(r) = -7*r**3 + 3*r**2 + 2*r + 6. Let i(h) = -5*m(h) + 4*s(h). Determine i(2).
9
Let q(v) = -7*v**2 + 2*v - 1. Let j = -15 + 16. Give q(j).
-6
Let z(u) = -7*u**3 - 8*u**2 - 13*u - 1. Let r(y) be the first derivative of 11*y**4/4 + 4*y**3 + 10*y**2 + y + 10. Let s(w) = -5*r(w) - 8*z(w). Give s(-2).
3
Let l(a) = a**2 + a + 5. Suppose 0 = 4*f + h, -3*f = -4*h - 0*h + 19. Let r = f + 3. Let p(v) = v. Let t(u) = r*p(u) - l(u). What is t(0)?
-5
Let a(f) = -f**2 - 6*f. Let j be a(-6). Let y(n) = -3 + 12 + n + 0*n + j*n. What is y(-5)?
4
Let b(j) = -j**3 + 4*j**2 - j. Let k(g) = 2*g**2 - 3*g + 1. Let r be k(3). Let l be (4/r)/((-4)/(-40)). What is b(l)?
-4
Let t be 3*2 + (8 - 11). Let o(d) = d**t - 1 + 2*d + 2 - 3*d + 0. Let l(n) = n**2 - 6*n + 6. Let c be l(5). Give o(c).
1
Let u(w) be the second derivative of w**6/720 + w**5/10 - 5*w**4/12 + 4*w. Let f(y) be the third derivative of u(y). Give f(-6).
6
Let r = 3 - 0. Let x(s) = s + 3*s + 4*s**2 + 2 - 2*s**3 + r*s**3. Let u = 2 - 5. Determine x(u).
-1
Let u(y) = 16 + 18 + y - 35. Determine u(-4).
-5
Let t(k) be the first derivative of 7*k + 1/4*k**4 - 3 - 2*k**2 + 5/3*k**3. Determine t(-6).
-5
Let a(b) = -b**3 + 5*b**2 + 1. Let j(c) = 2*c - 13. Let n be j(9). Suppose -n = -3*m + 10. Calculate a(m).
1
Suppose j - 7*k = -11*k - 2, 0 = 3*j + k + 6. Let u(r) = -r**3 - 2*r**2 - 4*r - 3. What is u(j)?
5
Let u be 36 + 1/(1 + 0). Suppose 5*c + 3*d - u = 0, 6 = -c + 3*d - 1. Let g(z) = 3*z - 6. Calculate g(c).
9
Suppose 3*v + 4*b - 45 = -2*v, 0 = -v - 2*b + 15. Let o(g) = -6 - 4*g**3 - 7*g**2 - 6 + 7*g + 4 + v*g**3. Give o(6).
-2
Let j(h) = -h. Let d(s) = -3*s + 2 - 4 + 4*s + 0*s. Let p(x) = d(x) + 2*j(x). Calculate p(-2).
0
Let y(j) = j + 1. Let o(n) = n**3 + 5*n**2 + 4*n + 4. Let u be o(-3). Suppose 2*w - 5 = -z - 0, 3*z + w + u = 0. Give y(z).
-4
Let m be (8/(-6) - -3)*3. Let g = -8 + 9. Let d(c) = g + 3*c + 0*c - 2*c. What is d(m)?
6
Let t(d) be the second derivative of d**4/12 - d**3/3 - d**2/2 - 14*d + 1. Give t(4).
7
Let f(p) be the third derivative of p**6/120 - 3*p**5/20 + 5*p**4/12 - 11*p**3/6 + 2*p**2. Calculate f(8).
5
Let v(b) = b**2 - 13. Let i = 30 + -30. Determine v(i).
-13
Let m(c) = c + 5. Let v(n) = 1. Let r(a) = m(a) - 2*v(a). What is r(-5)?
-2
Suppose -2*g - p + 1 = 3, -p + 4 = -g. Let u be (-3)/g + (-3)/2. Let t(k) = k**3 - k**2 + 12. Determine t(u).
12
Let p(f) = -5*f**3 - 2*f**2 + f - 3. Let n(d) = 10*d**3 + 3*d**2 - 2*d + 5. Suppose 0 = -2*w + 5 + 5. Let s(t) = w*p(t) + 3*n(t). Give s(-1).
-5
Let m(i) be the first derivative of i - 1/2*i**2 + 7. Give m(1).
0
Let s(c) = 2*c**2 + 7*c + 9. Let x be 3*(-4)/10*5. Let m(f) = 2*f**2 + 7*f + 10. Let l(z) = x*s(z) + 5*m(z). Calculate l(-4).
-8
Let y(k) = -6*k - 6. Let z(n) = -6*n - 7. Let o be (3 - 4)*(-5 - 1). Let a(p) = o*y(p) - 5*z(p). What is a(-2)?
11
Let u(b) be the third derivative of 13*b**6/120 + b**5/60 - 13*b**2. Calculate u(-1).
-12
Let k(s) = s**3 + s**2 + s + 10. Let i be 4/14 - 38/(-14). Suppose i*u + 0*u = -x + 4, 4*u = -4*x + 16. What is k(u)?
10
Let v be (-2)/(-12) + (-15)/(-18). Let s(k) = -k**3 - 3*k**2 - 2*k - 5. Let a(f) = 1. Let g(y) = v*s(y) + 3*a(y). Calculate g(-2).
-2
Let i(w) = -w + 6. Let k(g) = g - 10. Let s be k(0). Let l = s + 10. Calculate i(l).
6
Let k = 3 + 7. Suppose n - k = -n. Suppose -3*v - 4 = 4*f - n*v, -2*f = -2*v + 6. Let o(u) = u**2 - u - 1. Give o(f).
-1
Let x(p) be the third derivative of p**5/60 - p**4/24 - p**3/3 + 6*p**2. What is x(2)?
0
Let i(a) = 5*a + 3*a - 10*a + 2*a**2 - 1. Calculate i(-1).
3
Let p(q) = q**3 - 4*q**2 - q + 4. Let t be 6/(6*2/8). Give p(t).
0
Let s(q) = -2*q**2 - 2*q - 3. Let u be s(-2). Let i = -13 - u. Let b(n) = n**3 + 6*n**2 + n + 6. Give b(i).
0
Suppose 0 = 2*l - l - 4*f + 6, 39 = 4*l + 5*f. Let b = l - 8. Let t(o) be the third derivative of o**5/30 + 5*o**2. Determine t(b).
8
Let j(y) = y**2 - 3*y - 5. Let v be j(4). Let s(x) = 6*x**2 - x. Determine s(v).
7
Let c(i) = -i**2 + 5*i - 1. Let h = 55 + -39. Let y be (h/(-20))/(1/15). Let p = -7 - y. Determine c(p).
-1
Let w(f) = 6*f**2 + 0*f**3 + 3 - 1 - f**3 - 7. Give w(6).
-5
Let m(v) = v**2 - 5*v + 2. Let w(q) = q**3 - 5*q**2 - 5*q - 1. Let f be w(6). Determine m(f).
2
Let j = -68 + 62. Let b(v) = -v**3 - 6*v**2 + v + 7. Give b(j).
1
Let n(g) = 2 + 3*g - 2*g - 1. Determine n(-7).
-6
Let i(u) = 2*u**2 - 4*u + 4. Let g be (-2)/2*-4 + -1. Calculate i(g).
10
Let n(u) be the first derivative of u**2 + 9*u - 1. Suppose 5*d + 19 = -3*g + 4, 5*g = -3*d + 7. Determine n(d).
-3
Let a(j) be the second derivative of -1/2*j**2 + 2/3*j**3 - 1/2*j**4 - j + 0 + 1/20*j**5. Calculate a(5).
-6
Let c = 32 + -26. Let b(t) = 3 + 2 + 11*t - 14*t. What is b(c)?
-13
Suppose -2*n + 2*u + 3*u = 16, -26 = -5*n - 4*u. Let b(m) = 3*m**2 - 5*m**2 - 7*m**n + 3 - 2. What is b(1)?
-8
Let g(q) be the third derivative of -4*q**2 + 1/3*q**3 + 0*q - 1/20*q**5 + 0 + 1/12*q**4. Give g(2).
-6
Let i(k) be the third derivative of -7*k**5/60 + k**4/24 - k**2. Let a be 2/(-8) + (-2)/(-8). Suppose -5*z + 2*z + 3 = a. Determine i(z).
-6
Let a(q) be the second derivative of 0 - q + 1/4*q**4 + 0*q**3 + 1/2*q**2. Give a(-1).
4
Let t(z) = 46*z + 5 + 5 - 45*z. Let d = -27 + 17. Let k = d + 5. Calculate t(k).
5
Let n(b) = b**2 - 4*b - 2. Let x be n(5). Let u(r) = -5*r + 4. De